8 - (2 + -7 - 6)?
3
Evaluate -4 - (0 - ((-1 - -4) + -1)).
-2
Calculate 5 + (2 - (1 + -1)).
7
What is 1 + (3 + -4 - (2 - 0))?
-2
1 + 0 + 18 + 0 + -11
8
What is -2 - (-2 - -1) - (-2 - -1)?
0
6 - (13 - (-4 + 4))
-7
-2 + 0 + -1 - (-1 - -2)
-4
Evaluate (-6 - -2) + 3 + -3 - -6.
2
Evaluate 2 - (3 + -4 + -1 + 6).
-2
What is 7 + -4 - (6 - 2)?
-1
What is the value of -7 + -1 - (-24 - -21)?
-5
Evaluate -4 + (-11 - (2 - 10)).
-7
What is the value of 7 - (-1 - -5) - (8 + -1)?
-4
Evaluate 3 + -3 + (-1 - 4) + 6.
1
What is -5 + (-2 - (0 - 1)) + 6?
0
-2 - 2 - (-2 - -3)
-5
-1 + (3 - 4) - -5
3
Calculate -6 + (7 - (-3 + -3)).
7
What is 6 - (-7 + 4) - 4?
5
What is the value of -11 + 4 - (-6 - (-1 - 2))?
-4
What is the value of (6 - -2) + (-3 - -1)?
6
Evaluate -15 - (12 - 34) - 7.
0
Evaluate 2 + (-3 - -1) - 0.
0
Evaluate 74 + -80 - (-6 + 1 + -2).
1
What is -1 + -2 + -1 + (-7 - -10)?
-1
Evaluate -17 + 13 - 2 - -8.
2
-2 + 11 + -9 - -9
9
Calculate (-10 - -8) + 8 - 5.
1
What is the value of 22 - 14 - (-1 - -11)?
-2
Evaluate -6 - (1 - (14 + -10)).
-3
What is the value of -5 + -1 - (-12 + 10) - 0?
-4
-2 - (4 - 7 - -9) - 0
-8
What is the value of -12 - (6 + -17) - (3 - -2)?
-6
Evaluate -5 + (0 - 3 - -4).
-4
What is 1 + -7 + (0 - -4)?
-2
Evaluate -30 + 31 + 0 + 4.
5
Calculate -7 - -6 - (-1 + -1) - -2.
3
Calculate 1 + (-3 - -3) + 11 + -10.
2
What is -14 + 17 - (1 - -2)?
0
3 - (4 - (7 - 4 - -1))
3
(3 - 2) + -5 + 0
-4
Calculate (4 - (3 + 2)) + 2.
1
What is 0 + (3 + -8 + 3 - -1)?
-1
Calculate -8 + (15 - 12) - (-1 + 1).
-5
What is (-9 - (-12 - -5)) + 3?
1
Calculate 6 + (-4 - -5) - 7.
0
What is the value of -8 + 0 + 12 + -2?
2
Calculate -1 - 0 - ((8 - 3) + -4).
-2
What is 16 + (4 - 11) + 2 - 5?
6
0 + -5 - (2 + -8 - -5)
-4
(-3 - 6 - -5) + 3
-1
What is 2 + (-1 - (-5 - -7))?
-1
What is 2 - -1 - (1 + -1) - 0?
3
Evaluate -7 + 7 + (1 - 4).
-3
What is the value of -5 - (10 + -8 - (9 + -1))?
1
Evaluate -3 - (-6 + 3 + 1 + 3).
-4
Evaluate 7 + (-5 - 6 - 3).
-7
What is the value of -4 + (-3 - (3 - 12))?
2
What is 6 + -12 + 0 + 4?
-2
Calculate 1 + (-1 - 1) - (5 + -5).
-1
-2 + (0 - -3) - (-11 - -17)
-5
Calculate (42 - 42) + (-1 - (1 + -1)).
-1
Evaluate -6 + (1 - 5) + 6.
-4
Evaluate -3 + (5 + (-3 - 1) - 4).
-6
What is -1 - ((-3 - -6) + -5 + -1)?
2
Calculate -10 - -11 - 5 - 5.
-9
Calculate 12 + (-12 - 10) - -1.
-9
Calculate -4 + (-7 - -6 - 0) + 11.
6
(6 - 0) + -7 - (1 - 8)
6
What is the value of -1 + -15 + 16 + (-2 - -1)?
-1
What is the value of (3 - -6) + -8 + -5?
-4
-3 + (-3 - -3) + 4
1
Evaluate -1 - -7 - (-40 + 47).
-1
What is (-2 - 1 - 0) + -11 + 10?
-4
What is -4 + (0 - -4) + 1?
1
What is 0 - (3 + (-4 - 6) + 8)?
-1
What is the value of (-4 - (4 + -4)) + 6?
2
Calculate -4 + 3 - -5 - 9.
-5
-6 - -2 - -5 - -2
3
Evaluate 0 - ((-1 - -3) + -13).
11
Calculate 6 - ((1 - 5) + 0).
10
What is the value of -12 + 19 + -10 + -3?
-6
(11 + -5 - 12) + 1
-5
Calculate -13 + -13 + (0 - -16).
-10
Calculate 3 + -4 + 2 + 2.
3
What is 0 + -6 + 3 - -7?
4
Calculate 39 + -29 - (4 + 1).
5
What is (1 - (5 + -4)) + 1?
1
Evaluate 10 + -2 + -8 + 4.
4
Evaluate (9 - 17) + 14 - 7.
-1
Calculate 3 + (-7 - (-3 - (2 - 3))).
-2
0 - (1 - 6 - -10)
-5
Calculate 5 + 7 - 19 - -16.
9
Evaluate 5 + -5 + (1 - -4).
5
What is 7 + -10 + -5 + 8?
0
-2 + 2 - (-3 - (-4 + 0))
-1
Evaluate 7 + -5 + (-3 - -2).
1
-22 + 16 - -10 - (-1 + -1)
6
-1 + -2 - (-7 + 4 + 5)
-5
What is 11 + 3 + (7 - 17)?
4
What is -8 - (0 + -4 - -5)?
-9
What is (-3 + 1 + -1 - 0) + 1?
-2
What is the value of 4 + (-4 - (2 + (-6 - -6)))?
-2
Evaluate 6 + -7 + 6 + 5 + -4.
6
Calculate (5 - 1) + -6 + 6 + -3.
1
What is the value of 11 - 14 - 3 - -2?
-4
-1 - -9 - (-17 + 24)
1
What is (0 - 0) + -36 + 39?
3
What is the value of 3 - 0 - (-88 - -86)?
5
What is -13 - -24 - (2 - -2)?
7
3 + -5 - (-6 + 2)
2
Calculate 3 + (4 - (2 + -1)) + -3.
3
What is the value of (-1 - -15 - (9 + -2)) + -2?
5
Calculate (-1 - (-6 - -2)) + 25 + -29.
-1
What is the value of 21 - 23 - (1 + 2)?
-5
Calculate 5 + 0 + (3 - 3 - -1).
6
Calculate (0 - -3) + -8 + 9 + -5.
-1
Calculate 21 + -8 - (9 + -2).
6
Calculate (3 - 5) + -9 - -9.
-2
What is the value of -5 + -1 - (6 + -13)?
1
What is the value of (0 - (0 - -2)) + 0 + 7?
5
-1 - (-1 + 0 - (-12 + 12))
0
Evaluate 7 + (-6 + 10 - 5) - 9.
-3
Calculate 7 + -1 - (7 + -2).
1
What is the value of -7 + -1 + -2 - (-61 + 60)?
-9
What is the value of 12 + 0 + 37 + -23 + -15?
11
7 + (1 - 2 - 3)
3
What is the value of -8 + -9 + 15 + (0 - 2)?
-4
(-8 - -6) + (-2 - (1 - 1))
-4
0 - (0 - -8) - -8
0
0 + 1 + -3 + (-2 - -4)
0
(14 - 3) + -1 - 7
3
Evaluate 1 + 1 + 5 - 5.
2
What is the value of -2 - (-6 - (9 + -6 - 9))?
-2
What is 4 + -2 + (3 - (4 + 5))?
-4
Calculate -16 + (1 - (2 - 15)).
-2
-8 - ((4 - 2) + -14)
4
What is the value of -6 + (-1 - (-3 + -2 + 3))?
-5
Calculate -5 + (-4 - (-12 - -4)) - -6.
5
What is 0 - (3 + 1 - 1)?
-3
Calculate 16 - 15 - (-1 - -2 - 2).
2
What is the value of 3 - (7 - (-2 - 0)) - -4?
-2
What is the value of -4 - (2 + 0 + -5)?
-1
Calculate (-4 - (-4 - -4)) + 1.
-3
(-12 - -10) + -2 + 0 + 5
1
What is -14 - -5 - (-6 + -6)?
3
What is -75 + 70 + (10 - (-1 + 2))?
4
What is (-3 - (-2 + 1)) + (-280 - -278)?
-4
Evaluate -12 - ((-5 - 0 - 2) + 3).
-8
What is (-2 - -2) + (19 - 8) + -5?
6
Evaluate -4 + (0 - (-6 + 7)).
-5
What is 2 + 14 + (1 - 26)?
-9
What is (-178 - -181) + -1 + -9?
-7
What is (-2 - -9) + -3 - 7 - -1?
-2
Evaluate 1 - (-6 + 3) - 3.
1
Calculate -3 + (-3 - (-13 - -4 - -3)).
0
Calculate -6 - (3 + 1 - (-4 - -12)).
-2
10 - 8 - (-1 + 4)
-1
15 - (3 + -4 + 12)
4
What is the value of -2 - 0 - (-12 + 12)?
-2
Calculate (-1 - -2 - (-31 + 30)) + -2.
0
Calculate -2 + 3 - (4 + (5 - 5)).
-3
7 - (20 + -2 + -8)
-3
Evaluate -12 - (-9 - (13 + -18)).
-8
What is (-7 - -14) + 1 + 0 - 7?
1
Calculate 4 + 1 - (-28 - -30).
3
Evaluate -1 + (0 - 3) - -2.
-2
What is the value of (-4 - (-4 - -5 - 0)) + 3?
-2
4 - (3 + -1 + 2) - 1
-1
What is the value of -7 - (2 + -6 - -1) - -1?
-3
Calculate (1 - -1 - 1) + -4.
-3
What is (-3 + -4 - -4 - -7) + -9?
-5
Calculate (4 + (-6 - -4) - 2) + 5.
5
What is 5 - ((-2 - 2 - -3) + 4)?
2
Evaluate -12 + 10 + 8 + -1.
5
((11 - -3) + -3 - 6) + -2
3
What is -3 + (3 - (2 + -3)) + 2?
3
Evaluate (-1 - (-3 + 2) - 0) + 2.
2
1 - (2 - (-9 + 12))
2
Evaluate -4 + (-2 - 1 - -4).
-3
Calculate (-3 - 5) + (5 - 1) + 0.
-4
5 - (-1 + 14 + (4 - 7))
-5
What is (12 - 6) + -17 + 6?
-5
What is the value of 0 - (10 + -10 + 6)?
-6
Evaluate 0 + 3 - (-9 - -11) - 4.
-3
Calculate (7 - 11) + 1 + 4.
1
(1 - -2) + (44 - 48)
-1
8 - (-4 + (4 - -6))
2
What is the value of (0 - 0) + (-10 - -14)?
4
What is the value of 3 + 2 - (-1 + 1) - 2?
3
What is the value of (-6 + 5 + -1 - 0) + -3?
-5
What is -10 + 2 + (0 + -6 - -10)?
-4
What is 16 + -8 - (4 - -2)?
2
What is -8 - (7 + -7 - 3)?
-5
Evaluate -4 - (7 - 2 - 2 - 7).
0
(1 - 7 - -5) + -2
-3
0 - (-4 + 2 + 4)
-2
Evaluate (9 - 18) + 4 - -5.
0
Calculate 5 + 2 + -1 + -3.
3
What is the value of -6 - (-13 + 2 + 0)?
5
Evaluate (4 - (2 - -4)) + -2.
-4
What is 3 - (-4 + (-3 - -12) - -2)?
-4
Calculate -4 - -4 - (-2 + 6).
-4
Calculate 57 + -51 - (6 - -2).
-2
Calculate 3 + 9 + -16 + 0 + 0.
-4
What is (3 - 3) + (1 - -7 - 8)?
0
What is the value of -1 + (7 - 1) + (-3 - -4)?
6
4 + 3 + -3 + -1
3
Evaluate -6 + (-11 + 10 - -10).
3
-1 - 1 - (-3 - -4)
-3
Evaluate -2 + 5 - (-6 + 5).
4
What is the value of -7 - ((6 - 18) + 6)?
-1
(1 - 2) + 1 - (80 + -76)
-4
(-9 + 18 - -5) + -7
7
What is the value of 3 + 1 + (-1 - 7)?
-4
-2 + 1 + (-18 - -27)
8
What is -2 + (-5 - (2 - 5))?
-4
What is the value of (4 - 1 - -7) + -7?
3
What is the value of -1 + (-8 - -3) - -2?
-4
Calculate 13 + -9 - (2 + (2 - 0)).
0
What is (7 + -10 - (3 - 3)) + 6?
3
What is the value of -2 - ((2 - 6) + 1 + 1)?
0
Calculate 13 - (12 - (9 + -5)).
5
Evaluate -1 - (-6 - (4 + -7)).
2
What is the value of 10 + 4 + -8 + -13?
-7
Evaluate (0 - -2) + 0 - (-102 - -96).
8
Evaluate 5 - 3 - (7 + -11).
6
Calculate 75 + -73 - (-1 + 1 + 1).
1
What is the value of -3 + (-16 + 7 - -8) - 2?
-6
Evaluate 1 - (-5 + 3 - -4) - 3.
-4
What is the value of -5 - (-2 + 14 - 6 - 11)?
0
What is 5 + 0 + -2 + (1 - 1)?
3
-1 + -4 + (-15 - -15)
-5
(0 - 0) + -1 + 1 + -1
-1
What is 1 - 4 - (21 + -18) - -8?
2
What is 9 + (6 + -12 - 0) + 3?
6
Calculate -12 + 0 - -29 - 8.
9
What is 6 - (0 - -2 - (-1 - 2))?
1
Evaluate 1 + -2 + -1 + 2 + -3.
-3
What is 5 +